{"id":153,"date":"2023-03-02T15:03:50","date_gmt":"2023-03-02T15:03:50","guid":{"rendered":"https:\/\/imc.gen.tr\/?page_id=153"},"modified":"2023-03-02T15:05:39","modified_gmt":"2023-03-02T15:05:39","slug":"portatif-jenerator","status":"publish","type":"page","link":"https:\/\/imc.gen.tr\/?page_id=153","title":{"rendered":"Portatif Jenerat\u00f6r"},"content":{"rendered":"\t\t<div data-elementor-type=\"wp-page\" data-elementor-id=\"153\" class=\"elementor elementor-153\">\n\t\t\t\t\t\t\t<div class=\"elementor-element elementor-element-58db633 e-con-boxed lakit-col-width-auto-no e-container e-root-container elementor-top-section e-con\" data-id=\"58db633\" data-element_type=\"container\" data-settings=\"{&quot;content_width&quot;:&quot;boxed&quot;}\">\n\t\t\t\t\t<div class=\"e-con-inner\">\n\t\t\t\t<div class=\"elementor-element elementor-element-a6cb345 elementor-widget elementor-widget-heading\" data-id=\"a6cb345\" data-element_type=\"widget\" data-widget_type=\"heading.default\">\n\t\t\t\t<div class=\"elementor-widget-container\">\n\t\t\t<style>\/*! elementor - v3.11.2 - 22-02-2023 *\/\n.elementor-heading-title{padding:0;margin:0;line-height:1}.elementor-widget-heading .elementor-heading-title[class*=elementor-size-]>a{color:inherit;font-size:inherit;line-height:inherit}.elementor-widget-heading .elementor-heading-title.elementor-size-small{font-size:15px}.elementor-widget-heading .elementor-heading-title.elementor-size-medium{font-size:19px}.elementor-widget-heading .elementor-heading-title.elementor-size-large{font-size:29px}.elementor-widget-heading .elementor-heading-title.elementor-size-xl{font-size:39px}.elementor-widget-heading .elementor-heading-title.elementor-size-xxl{font-size:59px}<\/style><h2 class=\"elementor-heading-title elementor-size-default\">25 y\u0131l \u00f6nce \u00e7\u0131kt\u0131\u011f\u0131m\u0131z enerji yolculu\u011fumuzda ayn\u0131 heyecan ve istekle yolumuza devam ediyoruz.\n\n<\/h2>\t\t<\/div>\n\t\t\t\t<\/div>\n\t\t\t\t\t<\/div>\n\t\t\t\t<\/div>\n\t\t<div class=\"elementor-element elementor-element-947197c e-con-boxed lakit-col-width-auto-no e-container e-root-container elementor-top-section e-con\" data-id=\"947197c\" data-element_type=\"container\" data-settings=\"{&quot;content_width&quot;:&quot;boxed&quot;}\">\n\t\t\t\t\t<div class=\"e-con-inner\">\n\t\t<div class=\"elementor-element elementor-element-e994bbb e-con-full lakit-col-width-auto-no e-container e-con\" data-id=\"e994bbb\" data-element_type=\"container\" data-settings=\"{&quot;content_width&quot;:&quot;full&quot;}\">\n\t\t\t\t<div class=\"elementor-element elementor-element-49aba33 elementor-widget elementor-widget-text-editor\" data-id=\"49aba33\" data-element_type=\"widget\" data-widget_type=\"text-editor.default\">\n\t\t\t\t<div class=\"elementor-widget-container\">\n\t\t\t<style>\/*! elementor - v3.11.2 - 22-02-2023 *\/\n.elementor-widget-text-editor.elementor-drop-cap-view-stacked .elementor-drop-cap{background-color:#818a91;color:#fff}.elementor-widget-text-editor.elementor-drop-cap-view-framed .elementor-drop-cap{color:#818a91;border:3px solid;background-color:transparent}.elementor-widget-text-editor:not(.elementor-drop-cap-view-default) .elementor-drop-cap{margin-top:8px}.elementor-widget-text-editor:not(.elementor-drop-cap-view-default) .elementor-drop-cap-letter{width:1em;height:1em}.elementor-widget-text-editor .elementor-drop-cap{float:left;text-align:center;line-height:1;font-size:50px}.elementor-widget-text-editor .elementor-drop-cap-letter{display:inline-block}<\/style>\t\t\t\t<p>Portatif jenerat\u00f6rler olarak temsil edilen benzinli ve nispeten k\u00fc\u00e7\u00fck modeller, ara\u00e7la ta\u015f\u0131nabildikleri i\u00e7in ihtiyaca g\u00f6re \u00e7e\u015fitli yerlerde kullan\u0131labilir. \u00c7anta olarak da bilinen bu modeller inan\u0131lmaz pratik \u00fcr\u00fcnlerdir. Bu teknoloji ile elektrik enerjisine ihtiya\u00e7 duydu\u011funuz say\u0131s\u0131z alanda hayat\u0131n\u0131z\u0131 kolayla\u015ft\u0131rabilirsiniz. Jenerat\u00f6rler aras\u0131ndan hangi portatif modeli se\u00e7erseniz se\u00e7in arac\u0131n\u0131za atarak kolayca ta\u015f\u0131yabilirsiniz.<\/p><p>Benzinli ve dizel jenerat\u00f6r se\u00e7eneklerimiz bulunmaktad\u0131r. Benzinli Jenerat\u00f6rler ta\u015f\u0131nabilir kullan\u0131m i\u00e7in genellikle daha hafiftir.<\/p>\t\t\t\t\t\t<\/div>\n\t\t\t\t<\/div>\n\t\t\t\t<\/div>\n\t\t<div class=\"elementor-element elementor-element-eecb532 e-con-full lakit-col-width-auto-no e-container e-con\" data-id=\"eecb532\" data-element_type=\"container\" data-settings=\"{&quot;content_width&quot;:&quot;full&quot;}\">\n\t\t\t\t<div class=\"elementor-element elementor-element-80795ad elementor-widget elementor-widget-image\" data-id=\"80795ad\" data-element_type=\"widget\" data-widget_type=\"image.default\">\n\t\t\t\t<div class=\"elementor-widget-container\">\n\t\t\t<style>\/*! elementor - v3.11.2 - 22-02-2023 *\/\n.elementor-widget-image{text-align:center}.elementor-widget-image a{display:inline-block}.elementor-widget-image a img[src$=\".svg\"]{width:48px}.elementor-widget-image img{vertical-align:middle;display:inline-block}<\/style>\t\t\t\t\t\t\t\t\t\t\t\t<img loading=\"lazy\" decoding=\"async\" width=\"756\" height=\"728\" src=\"https:\/\/imc.gen.tr\/wp-content\/uploads\/2023\/03\/12-e1660749917693.jpg\" class=\"attachment-large size-large wp-image-155\" alt=\"\" srcset=\"https:\/\/imc.gen.tr\/wp-content\/uploads\/2023\/03\/12-e1660749917693.jpg 756w, https:\/\/imc.gen.tr\/wp-content\/uploads\/2023\/03\/12-e1660749917693-300x289.jpg 300w\" sizes=\"auto, (max-width: 756px) 100vw, 756px\" \/>\t\t\t\t\t\t\t\t\t\t\t\t\t\t\t<\/div>\n\t\t\t\t<\/div>\n\t\t\t\t<\/div>\n\t\t\t\t\t<\/div>\n\t\t\t\t<\/div>\n\t\t\t\t\t\t\t<\/div>\n\t\t","protected":false},"excerpt":{"rendered":"<p>25 y\u0131l \u00f6nce \u00e7\u0131kt\u0131\u011f\u0131m\u0131z enerji yolculu\u011fumuzda ayn\u0131 heyecan ve istekle yolumuza devam ediyoruz. Portatif jenerat\u00f6rler olarak temsil edilen benzinli ve nispeten k\u00fc\u00e7\u00fck modeller, ara\u00e7la ta\u015f\u0131nabildikleri i\u00e7in ihtiyaca g\u00f6re \u00e7e\u015fitli yerlerde kullan\u0131labilir. \u00c7anta olarak da bilinen bu modeller inan\u0131lmaz pratik \u00fcr\u00fcnlerdir. Bu teknoloji ile elektrik enerjisine ihtiya\u00e7 duydu\u011funuz say\u0131s\u0131z alanda hayat\u0131n\u0131z\u0131 kolayla\u015ft\u0131rabilirsiniz.&hellip;<\/p>\n","protected":false},"author":1,"featured_media":0,"parent":0,"menu_order":0,"comment_status":"closed","ping_status":"closed","template":"elementor_header_footer","meta":{"_acf_changed":false,"_joinchat":[],"footnotes":""},"class_list":["post-153","page","type-page","status-publish","hentry"],"acf":[],"yoast_head":"<!-- This site is optimized with the Yoast SEO plugin v23.7 - https:\/\/yoast.com\/wordpress\/plugins\/seo\/ -->\n<title>Portatif Jenerat\u00f6r | \u0130MC Generators<\/title>\n<meta name=\"description\" content=\"\u0130MC Generators | Portatif Jenerat\u00f6r | 25 y\u0131l \u00f6nce \u00e7\u0131kt\u0131\u011f\u0131m\u0131z enerji yolculu\u011fumuzda ayn\u0131 heyecan ve istekle yolumuza devam ediyoruz. Portatif jenerat\u00f6rler olarak temsil edilen benzinli ve\" \/>\n<meta name=\"robots\" content=\"index, follow, max-snippet:-1, max-image-preview:large, max-video-preview:-1\" \/>\n<link rel=\"canonical\" href=\"https:\/\/imc.gen.tr\/?page_id=153\" \/>\n<meta property=\"og:locale\" content=\"tr_TR\" \/>\n<meta property=\"og:type\" content=\"article\" \/>\n<meta property=\"og:title\" content=\"Portatif Jenerat\u00f6r | \u0130MC Generators\" \/>\n<meta property=\"og:description\" content=\"\u0130MC Generators | Portatif Jenerat\u00f6r | 25 y\u0131l \u00f6nce \u00e7\u0131kt\u0131\u011f\u0131m\u0131z enerji yolculu\u011fumuzda ayn\u0131 heyecan ve istekle yolumuza devam ediyoruz. Portatif jenerat\u00f6rler olarak temsil edilen benzinli ve\" \/>\n<meta property=\"og:url\" content=\"https:\/\/imc.gen.tr\/?page_id=153\" \/>\n<meta property=\"og:site_name\" content=\"\u0130MC Generators\" \/>\n<meta property=\"article:modified_time\" content=\"2023-03-02T15:05:39+00:00\" \/>\n<meta property=\"og:image\" content=\"https:\/\/imc.gen.tr\/wp-content\/uploads\/2023\/03\/12-e1660749917693.jpg\" \/>\n<meta name=\"twitter:card\" content=\"summary_large_image\" \/>\n<meta name=\"twitter:label1\" content=\"Tahmini okuma s\u00fcresi\" \/>\n\t<meta name=\"twitter:data1\" content=\"1 dakika\" \/>\n<script type=\"application\/ld+json\" class=\"yoast-schema-graph\">{\"@context\":\"https:\/\/schema.org\",\"@graph\":[{\"@type\":\"WebPage\",\"@id\":\"https:\/\/imc.gen.tr\/?page_id=153\",\"url\":\"https:\/\/imc.gen.tr\/?page_id=153\",\"name\":\"Portatif Jenerat\u00f6r | \u0130MC Generators\",\"isPartOf\":{\"@id\":\"https:\/\/imc.gen.tr\/#website\"},\"primaryImageOfPage\":{\"@id\":\"https:\/\/imc.gen.tr\/?page_id=153#primaryimage\"},\"image\":{\"@id\":\"https:\/\/imc.gen.tr\/?page_id=153#primaryimage\"},\"thumbnailUrl\":\"https:\/\/imc.gen.tr\/wp-content\/uploads\/2023\/03\/12-e1660749917693.jpg\",\"datePublished\":\"2023-03-02T15:03:50+00:00\",\"dateModified\":\"2023-03-02T15:05:39+00:00\",\"description\":\"\u0130MC Generators | Portatif Jenerat\u00f6r | 25 y\u0131l \u00f6nce \u00e7\u0131kt\u0131\u011f\u0131m\u0131z enerji yolculu\u011fumuzda ayn\u0131 heyecan ve istekle yolumuza devam ediyoruz. Portatif jenerat\u00f6rler olarak temsil edilen benzinli ve\",\"breadcrumb\":{\"@id\":\"https:\/\/imc.gen.tr\/?page_id=153#breadcrumb\"},\"inLanguage\":\"tr\",\"potentialAction\":[{\"@type\":\"ReadAction\",\"target\":[\"https:\/\/imc.gen.tr\/?page_id=153\"]}]},{\"@type\":\"ImageObject\",\"inLanguage\":\"tr\",\"@id\":\"https:\/\/imc.gen.tr\/?page_id=153#primaryimage\",\"url\":\"https:\/\/imc.gen.tr\/wp-content\/uploads\/2023\/03\/12-e1660749917693.jpg\",\"contentUrl\":\"https:\/\/imc.gen.tr\/wp-content\/uploads\/2023\/03\/12-e1660749917693.jpg\",\"width\":756,\"height\":728},{\"@type\":\"BreadcrumbList\",\"@id\":\"https:\/\/imc.gen.tr\/?page_id=153#breadcrumb\",\"itemListElement\":[{\"@type\":\"ListItem\",\"position\":1,\"name\":\"Anasayfa\",\"item\":\"https:\/\/imc.gen.tr\/\"},{\"@type\":\"ListItem\",\"position\":2,\"name\":\"Portatif Jenerat\u00f6r\"}]},{\"@type\":\"WebSite\",\"@id\":\"https:\/\/imc.gen.tr\/#website\",\"url\":\"https:\/\/imc.gen.tr\/\",\"name\":\"\u0130MC Generators\",\"description\":\"Discover The Energy\",\"publisher\":{\"@id\":\"https:\/\/imc.gen.tr\/#organization\"},\"potentialAction\":[{\"@type\":\"SearchAction\",\"target\":{\"@type\":\"EntryPoint\",\"urlTemplate\":\"https:\/\/imc.gen.tr\/?s={search_term_string}\"},\"query-input\":{\"@type\":\"PropertyValueSpecification\",\"valueRequired\":true,\"valueName\":\"search_term_string\"}}],\"inLanguage\":\"tr\"},{\"@type\":\"Organization\",\"@id\":\"https:\/\/imc.gen.tr\/#organization\",\"name\":\"\u0130MC Generators\",\"url\":\"https:\/\/imc.gen.tr\/\",\"logo\":{\"@type\":\"ImageObject\",\"inLanguage\":\"tr\",\"@id\":\"https:\/\/imc.gen.tr\/#\/schema\/logo\/image\/\",\"url\":\"https:\/\/imc.gen.tr\/wp-content\/uploads\/2023\/03\/imclogo-1.png\",\"contentUrl\":\"https:\/\/imc.gen.tr\/wp-content\/uploads\/2023\/03\/imclogo-1.png\",\"width\":500,\"height\":319,\"caption\":\"\u0130MC Generators\"},\"image\":{\"@id\":\"https:\/\/imc.gen.tr\/#\/schema\/logo\/image\/\"}}]}<\/script>\n<!-- \/ Yoast SEO plugin. -->","yoast_head_json":{"title":"Portatif Jenerat\u00f6r | \u0130MC Generators","description":"\u0130MC Generators | Portatif Jenerat\u00f6r | 25 y\u0131l \u00f6nce \u00e7\u0131kt\u0131\u011f\u0131m\u0131z enerji yolculu\u011fumuzda ayn\u0131 heyecan ve istekle yolumuza devam ediyoruz. Portatif jenerat\u00f6rler olarak temsil edilen benzinli ve","robots":{"index":"index","follow":"follow","max-snippet":"max-snippet:-1","max-image-preview":"max-image-preview:large","max-video-preview":"max-video-preview:-1"},"canonical":"https:\/\/imc.gen.tr\/?page_id=153","og_locale":"tr_TR","og_type":"article","og_title":"Portatif Jenerat\u00f6r | \u0130MC Generators","og_description":"\u0130MC Generators | Portatif Jenerat\u00f6r | 25 y\u0131l \u00f6nce \u00e7\u0131kt\u0131\u011f\u0131m\u0131z enerji yolculu\u011fumuzda ayn\u0131 heyecan ve istekle yolumuza devam ediyoruz. Portatif jenerat\u00f6rler olarak temsil edilen benzinli ve","og_url":"https:\/\/imc.gen.tr\/?page_id=153","og_site_name":"\u0130MC Generators","article_modified_time":"2023-03-02T15:05:39+00:00","og_image":[{"url":"https:\/\/imc.gen.tr\/wp-content\/uploads\/2023\/03\/12-e1660749917693.jpg"}],"twitter_card":"summary_large_image","twitter_misc":{"Tahmini okuma s\u00fcresi":"1 dakika"},"schema":{"@context":"https:\/\/schema.org","@graph":[{"@type":"WebPage","@id":"https:\/\/imc.gen.tr\/?page_id=153","url":"https:\/\/imc.gen.tr\/?page_id=153","name":"Portatif Jenerat\u00f6r | \u0130MC Generators","isPartOf":{"@id":"https:\/\/imc.gen.tr\/#website"},"primaryImageOfPage":{"@id":"https:\/\/imc.gen.tr\/?page_id=153#primaryimage"},"image":{"@id":"https:\/\/imc.gen.tr\/?page_id=153#primaryimage"},"thumbnailUrl":"https:\/\/imc.gen.tr\/wp-content\/uploads\/2023\/03\/12-e1660749917693.jpg","datePublished":"2023-03-02T15:03:50+00:00","dateModified":"2023-03-02T15:05:39+00:00","description":"\u0130MC Generators | Portatif Jenerat\u00f6r | 25 y\u0131l \u00f6nce \u00e7\u0131kt\u0131\u011f\u0131m\u0131z enerji yolculu\u011fumuzda ayn\u0131 heyecan ve istekle yolumuza devam ediyoruz. Portatif jenerat\u00f6rler olarak temsil edilen benzinli ve","breadcrumb":{"@id":"https:\/\/imc.gen.tr\/?page_id=153#breadcrumb"},"inLanguage":"tr","potentialAction":[{"@type":"ReadAction","target":["https:\/\/imc.gen.tr\/?page_id=153"]}]},{"@type":"ImageObject","inLanguage":"tr","@id":"https:\/\/imc.gen.tr\/?page_id=153#primaryimage","url":"https:\/\/imc.gen.tr\/wp-content\/uploads\/2023\/03\/12-e1660749917693.jpg","contentUrl":"https:\/\/imc.gen.tr\/wp-content\/uploads\/2023\/03\/12-e1660749917693.jpg","width":756,"height":728},{"@type":"BreadcrumbList","@id":"https:\/\/imc.gen.tr\/?page_id=153#breadcrumb","itemListElement":[{"@type":"ListItem","position":1,"name":"Anasayfa","item":"https:\/\/imc.gen.tr\/"},{"@type":"ListItem","position":2,"name":"Portatif Jenerat\u00f6r"}]},{"@type":"WebSite","@id":"https:\/\/imc.gen.tr\/#website","url":"https:\/\/imc.gen.tr\/","name":"\u0130MC Generators","description":"Discover The Energy","publisher":{"@id":"https:\/\/imc.gen.tr\/#organization"},"potentialAction":[{"@type":"SearchAction","target":{"@type":"EntryPoint","urlTemplate":"https:\/\/imc.gen.tr\/?s={search_term_string}"},"query-input":{"@type":"PropertyValueSpecification","valueRequired":true,"valueName":"search_term_string"}}],"inLanguage":"tr"},{"@type":"Organization","@id":"https:\/\/imc.gen.tr\/#organization","name":"\u0130MC Generators","url":"https:\/\/imc.gen.tr\/","logo":{"@type":"ImageObject","inLanguage":"tr","@id":"https:\/\/imc.gen.tr\/#\/schema\/logo\/image\/","url":"https:\/\/imc.gen.tr\/wp-content\/uploads\/2023\/03\/imclogo-1.png","contentUrl":"https:\/\/imc.gen.tr\/wp-content\/uploads\/2023\/03\/imclogo-1.png","width":500,"height":319,"caption":"\u0130MC Generators"},"image":{"@id":"https:\/\/imc.gen.tr\/#\/schema\/logo\/image\/"}}]}},"_links":{"self":[{"href":"https:\/\/imc.gen.tr\/index.php?rest_route=\/wp\/v2\/pages\/153","targetHints":{"allow":["GET"]}}],"collection":[{"href":"https:\/\/imc.gen.tr\/index.php?rest_route=\/wp\/v2\/pages"}],"about":[{"href":"https:\/\/imc.gen.tr\/index.php?rest_route=\/wp\/v2\/types\/page"}],"author":[{"embeddable":true,"href":"https:\/\/imc.gen.tr\/index.php?rest_route=\/wp\/v2\/users\/1"}],"replies":[{"embeddable":true,"href":"https:\/\/imc.gen.tr\/index.php?rest_route=%2Fwp%2Fv2%2Fcomments&post=153"}],"version-history":[{"count":4,"href":"https:\/\/imc.gen.tr\/index.php?rest_route=\/wp\/v2\/pages\/153\/revisions"}],"predecessor-version":[{"id":158,"href":"https:\/\/imc.gen.tr\/index.php?rest_route=\/wp\/v2\/pages\/153\/revisions\/158"}],"wp:attachment":[{"href":"https:\/\/imc.gen.tr\/index.php?rest_route=%2Fwp%2Fv2%2Fmedia&parent=153"}],"curies":[{"name":"wp","href":"https:\/\/api.w.org\/{rel}","templated":true}]}}